{"id":21,"date":"2024-09-14T14:22:26","date_gmt":"2024-09-14T14:22:26","guid":{"rendered":"https:\/\/homeos.mathos.unios.hr\/?page_id=21"},"modified":"2025-12-29T00:51:24","modified_gmt":"2025-12-29T00:51:24","slug":"team","status":"publish","type":"page","link":"https:\/\/homeos.mathos.unios.hr\/?page_id=21","title":{"rendered":"Research group"},"content":{"rendered":"\n<p><strong>Leader<\/strong><\/p>\n\n\n\n<p><strong><a href=\"https:\/\/www.mathos.unios.hr\/moj_profil\/kresimir-burazin\/\">Kre\u0161imir Burazin<\/a><\/strong>, full professor<\/p>\n\n\n\n<p>University of Osijek, School of Applied Mathematics and Informatics, Croatia<\/p>\n\n\n\n<p><\/p>\n\n\n\n<p><strong>Team<\/strong><\/p>\n\n\n\n<p><strong><a href=\"https:\/\/www.fer.unizg.hr\/marin.buzancic\">Marin Bu\u017ean\u010di\u0107<\/a><\/strong>, assistant professor<\/p>\n\n\n\n<p>University of Zagreb, Faculty of Electrical Engineering and Computing, Croatia<\/p>\n\n\n\n<p><\/p>\n\n\n\n<p><strong><a href=\"https:\/\/mcapoferri.com\/\">Matteo Capoferri<\/a><\/strong>, associate professor<\/p>\n\n\n\n<p>Herriot-Watt University, United Kingdom<\/p>\n\n\n\n<p><\/p>\n\n\n\n<p><strong><a href=\"https:\/\/profiles.cardiff.ac.uk\/staff\/cherdantsevm\">Mikhail Cherdantsev<\/a><\/strong>, senior lecturer<\/p>\n\n\n\n<p>University of Cardiff, United Kingdom<\/p>\n\n\n\n<p><\/p>\n\n\n\n<p><strong><a href=\"https:\/\/www.mathos.unios.hr\/moj_profil\/ivana-crnjac\/\">Ivana Crnjac<\/a><\/strong>, assistant professor<\/p>\n\n\n\n<p>University of Osijek, School of Applied Mathematics and Informatics, Croatia<\/p>\n\n\n\n<p><\/p>\n\n\n\n<p><strong><a href=\"https:\/\/www.ing.uc.cl\/academicos-e-investigadores\/sergio-enrique-gutierrez-cid\/\">Sergio Guti\u00e9rrez<\/a><\/strong>, associate professor<\/p>\n\n\n\n<p>Department of Structural and Geotechnical Engineering, Pontifical Catholic University of Chile<\/p>\n\n\n\n<p><\/p>\n\n\n\n<p><strong><a href=\"https:\/\/www.mathos.unios.hr\/moj_profil\/jelena-jankov-pavlovic\/\">Jelena Jankov Pavlovi\u0107<\/a><\/strong>, assistant professor<\/p>\n\n\n\n<p>University of Osijek, School of Applied Mathematics and Informatics, Croatia<\/p>\n\n\n\n<p><strong><a href=\"https:\/\/www.mathos.unios.hr\/moj_profil\/maja-jolic\/\">Maja Joli\u0107<\/a><\/strong>, postdoc<\/p>\n\n\n\n<p>University of Osijek, School of Applied Mathematics and Informatics, Croatia<\/p>\n\n\n\n<p><\/p>\n\n\n\n<p><strong><a href=\"https:\/\/www.mat.univie.ac.at\/~piovano\/Paolo_Piovano.html\">Paolo Piovano<\/a><\/strong>, associate professor<\/p>\n\n\n\n<p>Polytechnic University of Milan, Italy<\/p>\n\n\n\n<p><\/p>\n\n\n\n<p><strong><a href=\"https:\/\/www.fer.unizg.hr\/igor.velcic\">Igor Vel\u010di\u0107<\/a><\/strong>, full professor<\/p>\n\n\n\n<p>University of Zagreb, Faculty of Electrical Engineering and Computing, Croatia<\/p>\n\n\n\n<p><\/p>\n\n\n\n<p><strong><a href=\"https:\/\/www.mathos.unios.hr\/moj_profil\/ivan-vukovic\/\">Ivan Vukovi\u0107<\/a><\/strong>, PhD student<\/p>\n\n\n\n<p>University of Osijek, School of Applied Mathematics and Informatics, Croatia<\/p>\n\n\n\n<p><\/p>\n\n\n\n<p><strong><a href=\"https:\/\/www.fer.unizg.hr\/josip.zubrinic\">Josip \u017dubrini\u0107<\/a><\/strong>, assistant professor<\/p>\n\n\n\n<p>University of Zagreb, Faculty of Electrical Engineering and Computing, Croatia<\/p>\n","protected":false},"excerpt":{"rendered":"<p>Leader Kre\u0161imir Burazin, full professor University of Osijek, School of Applied Mathematics and Informatics, Croatia Team Marin Bu\u017ean\u010di\u0107, assistant professor University of Zagreb, Faculty of Electrical Engineering and Computing, Croatia Matteo Capoferri, associate professor Herriot-Watt University, United Kingdom Mikhail Cherdantsev, senior lecturer University of Cardiff, United Kingdom Ivana Crnjac, assistant professor University of Osijek, School [&hellip;]<\/p>\n","protected":false},"author":4,"featured_media":0,"parent":0,"menu_order":3,"comment_status":"closed","ping_status":"closed","template":"","meta":{"footnotes":""},"class_list":["post-21","page","type-page","status-publish","hentry"],"yoast_head":"<!-- This site is optimized with the Yoast SEO plugin v27.3 - https:\/\/yoast.com\/product\/yoast-seo-wordpress\/ -->\n<title>Research group - HOMeoS<\/title>\n<meta name=\"robots\" content=\"index, follow, max-snippet:-1, max-image-preview:large, max-video-preview:-1\" \/>\n<link rel=\"canonical\" href=\"https:\/\/homeos.mathos.unios.hr\/?page_id=21\" \/>\n<meta property=\"og:locale\" content=\"en_US\" \/>\n<meta property=\"og:type\" content=\"article\" \/>\n<meta property=\"og:title\" content=\"Research group - HOMeoS\" \/>\n<meta property=\"og:description\" content=\"Leader Kre\u0161imir Burazin, full professor University of Osijek, School of Applied Mathematics and Informatics, Croatia Team Marin Bu\u017ean\u010di\u0107, assistant professor University of Zagreb, Faculty of Electrical Engineering and Computing, Croatia Matteo Capoferri, associate professor Herriot-Watt University, United Kingdom Mikhail Cherdantsev, senior lecturer University of Cardiff, United Kingdom Ivana Crnjac, assistant professor University of Osijek, School [&hellip;]\" \/>\n<meta property=\"og:url\" content=\"https:\/\/homeos.mathos.unios.hr\/?page_id=21\" \/>\n<meta property=\"og:site_name\" content=\"HOMeoS\" \/>\n<meta property=\"article:modified_time\" content=\"2025-12-29T00:51:24+00:00\" \/>\n<meta name=\"twitter:card\" content=\"summary_large_image\" \/>\n<meta name=\"twitter:label1\" content=\"Est. reading time\" \/>\n\t<meta name=\"twitter:data1\" content=\"1 minute\" \/>\n<script type=\"application\/ld+json\" class=\"yoast-schema-graph\">{\"@context\":\"https:\\\/\\\/schema.org\",\"@graph\":[{\"@type\":\"WebPage\",\"@id\":\"https:\\\/\\\/homeos.mathos.unios.hr\\\/?page_id=21\",\"url\":\"https:\\\/\\\/homeos.mathos.unios.hr\\\/?page_id=21\",\"name\":\"Research group - HOMeoS\",\"isPartOf\":{\"@id\":\"https:\\\/\\\/homeos.mathos.unios.hr\\\/#website\"},\"datePublished\":\"2024-09-14T14:22:26+00:00\",\"dateModified\":\"2025-12-29T00:51:24+00:00\",\"breadcrumb\":{\"@id\":\"https:\\\/\\\/homeos.mathos.unios.hr\\\/?page_id=21#breadcrumb\"},\"inLanguage\":\"en-US\",\"potentialAction\":[{\"@type\":\"ReadAction\",\"target\":[\"https:\\\/\\\/homeos.mathos.unios.hr\\\/?page_id=21\"]}]},{\"@type\":\"BreadcrumbList\",\"@id\":\"https:\\\/\\\/homeos.mathos.unios.hr\\\/?page_id=21#breadcrumb\",\"itemListElement\":[{\"@type\":\"ListItem\",\"position\":1,\"name\":\"Home\",\"item\":\"https:\\\/\\\/homeos.mathos.unios.hr\\\/\"},{\"@type\":\"ListItem\",\"position\":2,\"name\":\"Research group\"}]},{\"@type\":\"WebSite\",\"@id\":\"https:\\\/\\\/homeos.mathos.unios.hr\\\/#website\",\"url\":\"https:\\\/\\\/homeos.mathos.unios.hr\\\/\",\"name\":\"Homogenization and Optimization in Mechanics of Solids \u2013 HOMeoS\",\"description\":\"\",\"publisher\":{\"@id\":\"https:\\\/\\\/homeos.mathos.unios.hr\\\/#organization\"},\"potentialAction\":[{\"@type\":\"SearchAction\",\"target\":{\"@type\":\"EntryPoint\",\"urlTemplate\":\"https:\\\/\\\/homeos.mathos.unios.hr\\\/?s={search_term_string}\"},\"query-input\":{\"@type\":\"PropertyValueSpecification\",\"valueRequired\":true,\"valueName\":\"search_term_string\"}}],\"inLanguage\":\"en-US\"},{\"@type\":\"Organization\",\"@id\":\"https:\\\/\\\/homeos.mathos.unios.hr\\\/#organization\",\"name\":\"Croatian Science Foundation\",\"url\":\"https:\\\/\\\/homeos.mathos.unios.hr\\\/\",\"logo\":{\"@type\":\"ImageObject\",\"inLanguage\":\"en-US\",\"@id\":\"https:\\\/\\\/homeos.mathos.unios.hr\\\/#\\\/schema\\\/logo\\\/image\\\/\",\"url\":\"https:\\\/\\\/homeos.mathos.unios.hr\\\/wp-content\\\/uploads\\\/2025\\\/12\\\/HRZZ-eng_5181.jpg\",\"contentUrl\":\"https:\\\/\\\/homeos.mathos.unios.hr\\\/wp-content\\\/uploads\\\/2025\\\/12\\\/HRZZ-eng_5181.jpg\",\"width\":800,\"height\":377,\"caption\":\"Croatian Science Foundation\"},\"image\":{\"@id\":\"https:\\\/\\\/homeos.mathos.unios.hr\\\/#\\\/schema\\\/logo\\\/image\\\/\"}}]}<\/script>\n<!-- \/ Yoast SEO plugin. -->","yoast_head_json":{"title":"Research group - HOMeoS","robots":{"index":"index","follow":"follow","max-snippet":"max-snippet:-1","max-image-preview":"max-image-preview:large","max-video-preview":"max-video-preview:-1"},"canonical":"https:\/\/homeos.mathos.unios.hr\/?page_id=21","og_locale":"en_US","og_type":"article","og_title":"Research group - HOMeoS","og_description":"Leader Kre\u0161imir Burazin, full professor University of Osijek, School of Applied Mathematics and Informatics, Croatia Team Marin Bu\u017ean\u010di\u0107, assistant professor University of Zagreb, Faculty of Electrical Engineering and Computing, Croatia Matteo Capoferri, associate professor Herriot-Watt University, United Kingdom Mikhail Cherdantsev, senior lecturer University of Cardiff, United Kingdom Ivana Crnjac, assistant professor University of Osijek, School [&hellip;]","og_url":"https:\/\/homeos.mathos.unios.hr\/?page_id=21","og_site_name":"HOMeoS","article_modified_time":"2025-12-29T00:51:24+00:00","twitter_card":"summary_large_image","twitter_misc":{"Est. reading time":"1 minute"},"schema":{"@context":"https:\/\/schema.org","@graph":[{"@type":"WebPage","@id":"https:\/\/homeos.mathos.unios.hr\/?page_id=21","url":"https:\/\/homeos.mathos.unios.hr\/?page_id=21","name":"Research group - HOMeoS","isPartOf":{"@id":"https:\/\/homeos.mathos.unios.hr\/#website"},"datePublished":"2024-09-14T14:22:26+00:00","dateModified":"2025-12-29T00:51:24+00:00","breadcrumb":{"@id":"https:\/\/homeos.mathos.unios.hr\/?page_id=21#breadcrumb"},"inLanguage":"en-US","potentialAction":[{"@type":"ReadAction","target":["https:\/\/homeos.mathos.unios.hr\/?page_id=21"]}]},{"@type":"BreadcrumbList","@id":"https:\/\/homeos.mathos.unios.hr\/?page_id=21#breadcrumb","itemListElement":[{"@type":"ListItem","position":1,"name":"Home","item":"https:\/\/homeos.mathos.unios.hr\/"},{"@type":"ListItem","position":2,"name":"Research group"}]},{"@type":"WebSite","@id":"https:\/\/homeos.mathos.unios.hr\/#website","url":"https:\/\/homeos.mathos.unios.hr\/","name":"Homogenization and Optimization in Mechanics of Solids \u2013 HOMeoS","description":"","publisher":{"@id":"https:\/\/homeos.mathos.unios.hr\/#organization"},"potentialAction":[{"@type":"SearchAction","target":{"@type":"EntryPoint","urlTemplate":"https:\/\/homeos.mathos.unios.hr\/?s={search_term_string}"},"query-input":{"@type":"PropertyValueSpecification","valueRequired":true,"valueName":"search_term_string"}}],"inLanguage":"en-US"},{"@type":"Organization","@id":"https:\/\/homeos.mathos.unios.hr\/#organization","name":"Croatian Science Foundation","url":"https:\/\/homeos.mathos.unios.hr\/","logo":{"@type":"ImageObject","inLanguage":"en-US","@id":"https:\/\/homeos.mathos.unios.hr\/#\/schema\/logo\/image\/","url":"https:\/\/homeos.mathos.unios.hr\/wp-content\/uploads\/2025\/12\/HRZZ-eng_5181.jpg","contentUrl":"https:\/\/homeos.mathos.unios.hr\/wp-content\/uploads\/2025\/12\/HRZZ-eng_5181.jpg","width":800,"height":377,"caption":"Croatian Science Foundation"},"image":{"@id":"https:\/\/homeos.mathos.unios.hr\/#\/schema\/logo\/image\/"}}]}},"_links":{"self":[{"href":"https:\/\/homeos.mathos.unios.hr\/index.php?rest_route=\/wp\/v2\/pages\/21","targetHints":{"allow":["GET"]}}],"collection":[{"href":"https:\/\/homeos.mathos.unios.hr\/index.php?rest_route=\/wp\/v2\/pages"}],"about":[{"href":"https:\/\/homeos.mathos.unios.hr\/index.php?rest_route=\/wp\/v2\/types\/page"}],"author":[{"embeddable":true,"href":"https:\/\/homeos.mathos.unios.hr\/index.php?rest_route=\/wp\/v2\/users\/4"}],"replies":[{"embeddable":true,"href":"https:\/\/homeos.mathos.unios.hr\/index.php?rest_route=%2Fwp%2Fv2%2Fcomments&post=21"}],"version-history":[{"count":8,"href":"https:\/\/homeos.mathos.unios.hr\/index.php?rest_route=\/wp\/v2\/pages\/21\/revisions"}],"predecessor-version":[{"id":176,"href":"https:\/\/homeos.mathos.unios.hr\/index.php?rest_route=\/wp\/v2\/pages\/21\/revisions\/176"}],"wp:attachment":[{"href":"https:\/\/homeos.mathos.unios.hr\/index.php?rest_route=%2Fwp%2Fv2%2Fmedia&parent=21"}],"curies":[{"name":"wp","href":"https:\/\/api.w.org\/{rel}","templated":true}]}}